n factor of r and 12?
12
Let c(u) = -41*u - 8. Let g be c(-4). What is the highest common divisor of g and 117?
39
Let l be 2/4*(1 - -15). Suppose m + 40 = 5*m - 2*h, m + 4*h = -l. What is the greatest common divisor of 24 and m?
8
Suppose -3*t + 2*j + 3*j + 932 = 0, -t = -4*j - 320. Calculate the highest common factor of t and 16.
16
Let p = 276 - 263. What is the greatest common divisor of p and 1?
1
Let b(a) = -a**3 - 7*a**2 - 6*a - 10. Let h be b(-10). Calculate the highest common factor of 14 and h.
14
Let r be 2 + 1656 - -4 - (6 - 12). Calculate the greatest common factor of 12 and r.
12
Let n = 10 + -7. Suppose d + 2*z + 98 = 5*d, -d + n*z + 12 = 0. Suppose -d - 83 = -5*w. What is the highest common factor of w and 66?
22
Let x(o) = -9*o. Let i be x(-1). Let a be 7644/108 + 2/i. Suppose 491 - a = 3*j. What is the highest common factor of j and 28?
28
Let r = 9 + -7. Suppose r*f - 35 = 7*j - 4*j, j - 130 = -5*f. What is the greatest common factor of 10 and f?
5
Suppose 0 = -151*v + 150*v - 5, -4*f = 2*v - 294. Calculate the highest common factor of f and 380.
76
Let j be 4 - 4 - -3 - -607. Suppose 3*x + 202 = j. What is the greatest common factor of x and 17?
17
Suppose 4*o = -j - 24 + 73, 5*j = 5*o - 80. Calculate the highest common divisor of 117 and o.
13
Let i = 30 - -42. Suppose 5*d - 25 = 0, 5*w - 13 = -4*d + 7. Suppose -s = s + v - 53, w = 2*v - 10. Calculate the highest common divisor of i and s.
24
Suppose -3*m + 35 + 253 = 0. What is the highest common factor of m and 6?
6
Suppose -202 = -8*b - 106. Suppose 2*p - 9 + 1 = 0. Calculate the highest common factor of b and p.
4
Let z = -6 + 5. Let t = 5 - z. Let b(y) = y**2 - 6*y + 8. Let w be b(t). What is the highest common divisor of w and 64?
8
Let f(w) = 9*w - 64*w - 3 + 5 + 9. Let r be f(-2). Calculate the greatest common factor of 11 and r.
11
Suppose 0 = 60*r - 57*r - 126. Calculate the highest common factor of r and 147.
21
Let d be 48/9*(-6)/(-20)*5. Calculate the highest common divisor of 328 and d.
8
Let k be (-6)/9 - 64/(-6). Suppose -i = 3*u - 7, -4*i - k - 7 = 3*u. Let l = i + 18. What is the greatest common factor of l and 2?
2
Suppose -5*p - 4*t + 40 = 0, -2*p + 5*t = -5 - 11. Suppose 0 = 16*j + 19*j - 1189 - 771. What is the highest common factor of j and p?
8
Suppose 9*c = -2*b + 10*c + 313, b - 154 = -2*c. What is the highest common divisor of 117 and b?
39
Let w(l) = 2*l**2 - 2*l - 1 - 1 + 2. Let b be w(4). Calculate the highest common factor of 8 and b.
8
Suppose -k = 4*h - 2*k - 20, 0 = k + 4. Suppose -2*a + 70 = 2*i - a, -5*a - 82 = -2*i. What is the highest common divisor of i and h?
4
Suppose 0 = 2*n + 2*n - 28. Suppose 3*x + n - 25 = 0. Suppose -1200*u + 1195*u - 24 = 4*a, 0 = -4*a - 2*u. Calculate the greatest common factor of x and a.
2
Suppose -35*a + 8 = -31*a. Suppose a*c - c = 110. What is the greatest common factor of 10 and c?
10
Let a(f) = f**3 - 8*f**2 + 11. Let c be a(8). Let n(g) = g**2 - 6*g - 24. Let x be n(c). Calculate the greatest common divisor of 248 and x.
31
Let z = -17 - -16. Let s be (78/8)/(z/(-4)). Suppose -u + 65 - 1 = 5*x, 5*u = 2*x - 31. Calculate the greatest common factor of s and x.
13
Let x be (-1)/(-3) + (-496)/12. Let o = 65 + x. Let w = -376 + 382. Calculate the greatest common divisor of o and w.
6
Let p(t) = -14*t**3 - 1 + 21*t - 23*t - 42*t**3. Suppose 3*m = -3 - 0. Let c be p(m). Calculate the highest common divisor of c and 38.
19
Suppose -76 = -13*c + 158. What is the greatest common factor of c and 24?
6
Let h(j) = j**3 - 34*j**2 + 94*j + 23. Let b be h(31). Calculate the highest common divisor of 270 and b.
54
Let y = -11 - -31. Let r = -157 + 167. What is the highest common factor of r and y?
10
Suppose 2 = -h, 4*f - 3*h = 7*f - 156. Calculate the greatest common divisor of f and 6.
6
Let t(u) = -3*u**2 + 8*u + 3. Let r be t(-5). Let n = 229 + r. Let a(x) = -2*x + 3. Let z be a(-5). What is the greatest common divisor of n and z?
13
Let q(p) = 19*p + 234. Let v be q(-12). Calculate the greatest common divisor of 786 and v.
6
Let c(p) be the second derivative of -p**5/20 + p**4/12 + p**3/6 - 9*p. Let n be c(-3). What is the greatest common divisor of 3 and n?
3
Suppose -314 - 638 = -2*p - 2*m, 0 = -2*p + 2*m + 936. What is the highest common factor of p and 8?
8
Suppose 0*j + 4*j = 240. Let l(x) = 5 - 1 + 5 - 59*x + j*x. Let i be l(6). Calculate the greatest common divisor of i and 10.
5
Let z(x) = -27*x. Let n be z(-1). Suppose 2*r - 11*r + 27 = 0. Let c = r - -15. What is the greatest common divisor of n and c?
9
Suppose 16 = 2*b - 2*v, 7 + 53 = 5*b + 5*v. Suppose 28 + 44 = 3*g. Let c be g/56 - 11/(-7). What is the highest common divisor of c and b?
2
Let k(p) = p**2 - 15*p + 7. Let t be k(15). Let s be 75/t + (-6)/(-21). Calculate the greatest common factor of 11 and s.
11
Suppose 56 = -2*f + 7*f - 2*o, -o + 27 = 3*f. Let p be ((-20)/4)/((-4 + 2)/4). What is the highest common divisor of f and p?
10
Suppose -3*h - 2*h = -10. Let p = 113 + -97. What is the greatest common factor of h and p?
2
Let g(f) = -110*f - 338. Let b be g(-7). What is the highest common factor of 48 and b?
48
Suppose 0 = 2*y + y - 513. Suppose -4*x + 84 = 4*u, -4*u + 11*x + 72 = 9*x. What is the highest common factor of y and u?
19
Let f(y) = -y**3 + 12*y**2 + 3*y - 19. Let n be f(12). What is the highest common factor of 323 and n?
17
Let b = 283 - 280. Calculate the highest common factor of 3 and b.
3
Let w = 0 - -5. Let x be (w/10)/((-1)/(-10)). Suppose 2*k - k + 3*g - 60 = 0, -92 = -k + x*g. Calculate the greatest common factor of 8 and k.
8
Let h be -78*((-14)/(-12) - (-5)/15). Let l = -72 - h. Let g be ((-3)/(-4))/(1/12). What is the highest common divisor of l and g?
9
Let i be 128*(-1 - (-15)/10). Let m = 32 + -48. Let b be (m/(-10))/((-4)/(-20)). Calculate the highest common factor of b and i.
8
Let b = 18 - -4. Let g = 9 + -20. Let x = b + g. What is the highest common factor of 22 and x?
11
Suppose 0 = 428*k - 444*k + 384. Calculate the greatest common factor of 744 and k.
24
Suppose 7*z = s + 8*z - 256, -260 = -s - 2*z. Calculate the highest common factor of s and 24.
12
Let z = -4038 + 4089. Let s = 7 - -27. Calculate the highest common factor of s and z.
17
Suppose 3960 = 9*c + 27. Calculate the highest common factor of c and 23.
23
Let l be ((-13202)/(-49) - -2) + 8/14. What is the highest common divisor of l and 48?
16
Let w be (-27078)/(-36) + (-29)/(-6) + -5. Calculate the greatest common divisor of w and 48.
16
Let u be (8 + -6)/(12/(-15))*-2. Suppose -1 = -4*v - 5*m, 2*v + 2 - 4 = -4*m. Let x = v - -2. Calculate the greatest common factor of x and u.
1
Let n(x) = -28*x**3 - 2*x - 1. Let b be n(-1). Suppose 0 = 4*j + r - 122, 5*j - 103*r - 151 = -104*r. Calculate the highest common divisor of b and j.
29
Suppose 4*h = 3*x + x + 1688, 2*h = 5*x + 829. What is the highest common factor of h and 63?
7
Let t = -430 + 293. Let l = 233 + t. Calculate the highest common factor of 32 and l.
32
Let i = -260 - -548. Let o be (((-120)/(-9))/4)/((-3)/(-54)). Let u = -28 + o. Calculate the greatest common factor of u and i.
32
Let s = 22 - 21. Let u be 3/4 + (18/8)/s. What is the greatest common factor of u and 1?
1
Let y(w) = 8*w**2 + 36*w + 216. Let f be y(-6). Suppose -2*n + 96 = n. Calculate the greatest common factor of n and f.
32
Suppose -4*k + 3*k = -17. Let j = -15 + k. Suppose 6*f = j*f + 60. What is the greatest common divisor of 30 and f?
15
Let n(i) = -5*i**2 + i + 1. Let b be n(2). Let z(r) = -r + 13. Let v be z(b). Suppose -49 = -3*s + 86. What is the highest common divisor of v and s?
15
Let a(w) = -w + 1. Let c(y) = -6*y**2 - y - 5. Let j(f) = 5*a(f) - c(f). Let b be j(3). Calculate the highest common divisor of b and 13.
13
Suppose x + x - 80 = 0. Suppose 5*i + 68 = -2*k - k, 0 = 3*i + k + 44. Let p = 20 + i. What is the greatest common factor of p and x?
4
Let w be (3/(-15))/(6/12)*-45. Calculate the highest common divisor of 522 and w.
18
Let q = -32 - -47. Let d = -97 - 260. Let c be 1/(354/d + 1) - -1. What is the highest common factor of c and q?
15
Suppose 0 = a + 3*a - 48. Let s be 424 + 5/(15/(-12)). Suppose -2*o + s = 3*o. What is the highest common divisor of o and a?
12
Let q = 1037 + -708. Calculate